{"id":112,"date":"2019-08-20T01:52:32","date_gmt":"2019-08-20T01:52:32","guid":{"rendered":"http:\/\/hegaya.com\/espanol\/?page_id=112"},"modified":"2026-04-15T11:27:47","modified_gmt":"2026-04-15T11:27:47","slug":"derechos-de-autor","status":"publish","type":"page","link":"https:\/\/hegaya.com\/espanol\/derechos-de-autor\/","title":{"rendered":"Derechos de Autor"},"content":{"rendered":"<p>[et_pb_section fb_built=\u00bb1&#8243; fullwidth=\u00bbon\u00bb admin_label=\u00bbHero Section\u00bb _builder_version=\u00bb3.22&#8243;][et_pb_fullwidth_header title=\u00bbDerechos de Autor\u00bb subhead=\u00bbDERECHOS DE AUTOR\u00bb background_overlay_color=\u00bbrgba(0,0,0,0.8)\u00bb content_max_width=\u00bb550px\u00bb _builder_version=\u00bb3.27.2&#8243; title_font=\u00bbPoppins|700|||||\u00bb content_font=\u00bbPoppins||||||||\u00bb content_font_size=\u00bb16px\u00bb content_letter_spacing=\u00bb1px\u00bb content_line_height=\u00bb2em\u00bb subhead_font=\u00bbPlayfair Display|700||on|||||\u00bb subhead_font_size=\u00bb48px\u00bb subhead_letter_spacing=\u00bb3px\u00bb subhead_line_height=\u00bb1.4em\u00bb background_color=\u00bbrgba(255, 255, 255, 0)\u00bb background_image=\u00bbhttps:\/\/hegaya.com\/espanol\/wp-content\/uploads\/sites\/2\/2019\/08\/consultant-11.jpg\u00bb parallax=\u00bbon\u00bb parallax_method=\u00bbon\u00bb custom_button_one=\u00bbon\u00bb button_one_border_width=\u00bb1px\u00bb button_one_border_color=\u00bbrgba(255,255,255,0.3)\u00bb button_one_border_radius=\u00bb0px\u00bb button_one_letter_spacing=\u00bb1px\u00bb button_one_font=\u00bbSaira Extra Condensed|600||on|||||\u00bb button_one_icon=\u00bb%%3%%\u00bb button_one_icon_color=\u00bb#edbb5f\u00bb custom_button_two=\u00bbon\u00bb button_two_border_width=\u00bb1px\u00bb button_two_border_color=\u00bbrgba(255,255,255,0.3)\u00bb button_two_border_radius=\u00bb0px\u00bb button_two_letter_spacing=\u00bb1px\u00bb button_two_font=\u00bbSaira Extra Condensed|600||on|||||\u00bb button_two_icon=\u00bb%%3%%\u00bb button_two_icon_color=\u00bb#edbb5f\u00bb module_alignment=\u00bbright\u00bb custom_margin=\u00bb|||\u00bb custom_padding=\u00bb3%||96px|\u00bb button_one_text_color_hover=\u00bb#edbb5f\u00bb button_two_text_color_hover=\u00bb#edbb5f\u00bb button_one_bg_color_hover=\u00bbrgba(0,0,0,0)\u00bb button_two_bg_color_hover=\u00bbrgba(0,0,0,0)\u00bb button_one_text_size__hover_enabled=\u00bboff\u00bb button_two_text_size__hover_enabled=\u00bboff\u00bb button_one_text_color__hover_enabled=\u00bbon\u00bb button_one_text_color__hover=\u00bb#edbb5f\u00bb button_two_text_color__hover_enabled=\u00bbon\u00bb button_two_text_color__hover=\u00bb#edbb5f\u00bb button_one_border_width__hover_enabled=\u00bboff\u00bb button_two_border_width__hover_enabled=\u00bboff\u00bb button_one_border_color__hover_enabled=\u00bboff\u00bb button_two_border_color__hover_enabled=\u00bboff\u00bb button_one_border_radius__hover_enabled=\u00bboff\u00bb button_two_border_radius__hover_enabled=\u00bboff\u00bb button_one_letter_spacing__hover_enabled=\u00bboff\u00bb button_two_letter_spacing__hover_enabled=\u00bboff\u00bb button_one_bg_color__hover_enabled=\u00bbon\u00bb button_one_bg_color__hover=\u00bbrgba(0,0,0,0)\u00bb button_two_bg_color__hover_enabled=\u00bbon\u00bb button_two_bg_color__hover=\u00bbrgba(0,0,0,0)\u00bb]<\/p>\n<p>&nbsp;<\/p>\n<p>&nbsp;<\/p>\n<p>[\/et_pb_fullwidth_header][\/et_pb_section][et_pb_section fb_built=\u00bb1&#8243; admin_label=\u00bbAttributes\u00bb _builder_version=\u00bb3.22&#8243; custom_margin=\u00bb|||\u00bb custom_padding=\u00bb0px|0px|100px|0px||\u00bb][et_pb_row use_custom_gutter=\u00bbon\u00bb gutter_width=\u00bb1&#8243; _builder_version=\u00bb3.25&#8243; background_color=\u00bb#ffffff\u00bb max_width=\u00bb80%\u00bb custom_margin=\u00bb|||\u00bb custom_padding=\u00bb27px|0px|0px|0px\u00bb box_shadow_style=\u00bbpreset3&#8243; box_shadow_vertical=\u00bb15px\u00bb box_shadow_blur=\u00bb80px\u00bb box_shadow_color=\u00bbrgba(0,0,0,0.15)\u00bb use_custom_width=\u00bbon\u00bb width_unit=\u00bboff\u00bb][et_pb_column type=\u00bb4_4&#8243; _builder_version=\u00bb3.25&#8243; custom_padding=\u00bb|||\u00bb custom_padding__hover=\u00bb|||\u00bb][et_pb_text _builder_version=\u00bb3.27.4&#8243; text_font=\u00bbPoppins||||||||\u00bb text_letter_spacing=\u00bb1px\u00bb text_line_height=\u00bb2em\u00bb header_font=\u00bb||||||||\u00bb header_3_font=\u00bb|600||on|||||\u00bb header_3_line_height=\u00bb1.4em\u00bb background_color=\u00bb#ffffff\u00bb max_width=\u00bb550px\u00bb custom_margin=\u00bb-100px|||\u00bb custom_padding=\u00bb60px|32px|60px|40px\u00bb border_color_all=\u00bbrgba(51,51,51,0.06)\u00bb border_width_right=\u00bb1px\u00bb border_width_left=\u00bb1px\u00bb locked=\u00bboff\u00bb]<\/p>\n<p style=\"text-align: justify;\">El derecho de autor es el reconocimiento que hace el Estado en favor de todo creador de obras literarias y art\u00edsticas, tal como literaria, musical, con o sin letra, dram\u00e1tica, danza, pict\u00f3rica o de dibujo, escult\u00f3rica, y de car\u00e1cter pl\u00e1stico, caricatura e historieta, arquitect\u00f3nica, cinematogr\u00e1fica y dem\u00e1s obras audiovisuales, programas de radio y televisi\u00f3n, programas de computo, fotogr\u00e1fica, obras de arte aplicado que incluyen el dise\u00f1o gr\u00e1fico o textil, y de compilaci\u00f3n, integradas por las colecciones de obras, tales como las enciclopedias, las antolog\u00edas, y de obras u otros elementos como las bases de datos, siempre que dichas colecciones, por su selecci\u00f3n o la disposici\u00f3n de su contenido o materias, constituyan una creaci\u00f3n intelectual.<\/p>\n<p>[\/et_pb_text][\/et_pb_column][\/et_pb_row][\/et_pb_section][et_pb_section fb_built=\u00bb1&#8243; admin_label=\u00bbContact\u00bb _builder_version=\u00bb3.22&#8243; background_image=\u00bbhttps:\/\/hegaya.com\/espanol\/wp-content\/uploads\/sites\/2\/2019\/08\/consutant-03.jpg\u00bb custom_margin=\u00bb|||\u00bb custom_padding=\u00bb0px|0px|0px|0px\u00bb box_shadow_style=\u00bbpreset7&#8243; box_shadow_horizontal=\u00bb0px\u00bb box_shadow_vertical=\u00bb80px\u00bb box_shadow_color=\u00bb#ffffff\u00bb saved_tabs=\u00bball\u00bb][\/et_pb_section]<\/p>\n","protected":false},"excerpt":{"rendered":"<p>&nbsp; &nbsp;El derecho de autor es el reconocimiento que hace el Estado en favor de todo creador de obras literarias y art\u00edsticas, tal como literaria, musical, con o sin letra, dram\u00e1tica, danza, pict\u00f3rica o de dibujo, escult\u00f3rica, y de car\u00e1cter pl\u00e1stico, caricatura e historieta, arquitect\u00f3nica, cinematogr\u00e1fica y dem\u00e1s obras audiovisuales, programas de radio y televisi\u00f3n, [&hellip;]<\/p>\n","protected":false},"author":1,"featured_media":0,"parent":0,"menu_order":0,"comment_status":"closed","ping_status":"closed","template":"","meta":{"_et_pb_use_builder":"on","_et_pb_old_content":"","_et_gb_content_width":"","footnotes":""},"class_list":["post-112","page","type-page","status-publish","hentry"],"yoast_head":"<!-- This site is optimized with the Yoast SEO plugin v27.3 - https:\/\/yoast.com\/product\/yoast-seo-wordpress\/ -->\n<title>Registro de Derechos de Autor en M\u00e9xico | Herrera &amp; Asociados<\/title>\n<meta name=\"description\" content=\"Registre sus derechos de autor en M\u00e9xico con abogados expertos en PI. Proteja su software, literatura, m\u00fasica y arte. Especialistas ante el IMPI e INDAUTOR.\" \/>\n<meta name=\"robots\" content=\"index, follow, max-snippet:-1, max-image-preview:large, max-video-preview:-1\" \/>\n<link rel=\"canonical\" href=\"https:\/\/hegaya.com\/espanol\/derechos-de-autor\/\" \/>\n<meta property=\"og:locale\" content=\"es_ES\" \/>\n<meta property=\"og:type\" content=\"article\" \/>\n<meta property=\"og:title\" content=\"Registro de Derechos de Autor en M\u00e9xico | Herrera &amp; Asociados\" \/>\n<meta property=\"og:description\" content=\"Proteja su obra en M\u00e9xico con el registro de derechos de autor. Abogados expertos en PI en Herrera &amp; Asociados.\" \/>\n<meta property=\"og:url\" content=\"https:\/\/hegaya.com\/espanol\/derechos-de-autor\/\" \/>\n<meta property=\"og:site_name\" content=\"Propiedad Industrial HG\" \/>\n<meta property=\"article:modified_time\" content=\"2026-04-15T11:27:47+00:00\" \/>\n<meta name=\"twitter:card\" content=\"summary_large_image\" \/>\n<meta name=\"twitter:title\" content=\"Registro de Derechos de Autor en M\u00e9xico | Herrera &amp; Asociados\" \/>\n<meta name=\"twitter:description\" content=\"Proteja su obra en M\u00e9xico con el registro de derechos de autor. Abogados expertos en PI en Herrera &amp; Asociados.\" \/>\n<meta name=\"twitter:label1\" content=\"Tiempo de lectura\" \/>\n\t<meta name=\"twitter:data1\" content=\"3 minutos\" \/>\n<script type=\"application\/ld+json\" class=\"yoast-schema-graph\">{\"@context\":\"https:\\\/\\\/schema.org\",\"@graph\":[{\"@type\":\"WebPage\",\"@id\":\"https:\\\/\\\/hegaya.com\\\/espanol\\\/derechos-de-autor\\\/\",\"url\":\"https:\\\/\\\/hegaya.com\\\/espanol\\\/derechos-de-autor\\\/\",\"name\":\"Registro de Derechos de Autor en M\u00e9xico | Herrera & Asociados\",\"isPartOf\":{\"@id\":\"https:\\\/\\\/hegaya.com\\\/espanol\\\/#website\"},\"datePublished\":\"2019-08-20T01:52:32+00:00\",\"dateModified\":\"2026-04-15T11:27:47+00:00\",\"description\":\"Registre sus derechos de autor en M\u00e9xico con abogados expertos en PI. Proteja su software, literatura, m\u00fasica y arte. Especialistas ante el IMPI e INDAUTOR.\",\"breadcrumb\":{\"@id\":\"https:\\\/\\\/hegaya.com\\\/espanol\\\/derechos-de-autor\\\/#breadcrumb\"},\"inLanguage\":\"es\",\"potentialAction\":[{\"@type\":\"ReadAction\",\"target\":[\"https:\\\/\\\/hegaya.com\\\/espanol\\\/derechos-de-autor\\\/\"]}]},{\"@type\":\"BreadcrumbList\",\"@id\":\"https:\\\/\\\/hegaya.com\\\/espanol\\\/derechos-de-autor\\\/#breadcrumb\",\"itemListElement\":[{\"@type\":\"ListItem\",\"position\":1,\"name\":\"Home\",\"item\":\"https:\\\/\\\/hegaya.com\\\/espanol\\\/\"},{\"@type\":\"ListItem\",\"position\":2,\"name\":\"Derechos de Autor\"}]},{\"@type\":\"WebSite\",\"@id\":\"https:\\\/\\\/hegaya.com\\\/espanol\\\/#website\",\"url\":\"https:\\\/\\\/hegaya.com\\\/espanol\\\/\",\"name\":\"Propiedad Industrial HG\",\"description\":\"Propiedad Industrial\",\"publisher\":{\"@id\":\"https:\\\/\\\/hegaya.com\\\/espanol\\\/#organization\"},\"potentialAction\":[{\"@type\":\"SearchAction\",\"target\":{\"@type\":\"EntryPoint\",\"urlTemplate\":\"https:\\\/\\\/hegaya.com\\\/espanol\\\/?s={search_term_string}\"},\"query-input\":{\"@type\":\"PropertyValueSpecification\",\"valueRequired\":true,\"valueName\":\"search_term_string\"}}],\"inLanguage\":\"es\"},{\"@type\":\"Organization\",\"@id\":\"https:\\\/\\\/hegaya.com\\\/espanol\\\/#organization\",\"name\":\"Herrera & Asociados\",\"alternateName\":\"H&A Propiedad Intelectual\",\"url\":\"https:\\\/\\\/hegaya.com\\\/espanol\\\/\",\"logo\":{\"@type\":\"ImageObject\",\"inLanguage\":\"es\",\"@id\":\"https:\\\/\\\/hegaya.com\\\/espanol\\\/#\\\/schema\\\/logo\\\/image\\\/\",\"url\":\"https:\\\/\\\/hegaya.com\\\/espanol\\\/wp-content\\\/uploads\\\/sites\\\/2\\\/2018\\\/01\\\/logoHG-cuadro-01.png\",\"contentUrl\":\"https:\\\/\\\/hegaya.com\\\/espanol\\\/wp-content\\\/uploads\\\/sites\\\/2\\\/2018\\\/01\\\/logoHG-cuadro-01.png\",\"width\":1024,\"height\":1024,\"caption\":\"Herrera & Asociados\"},\"image\":{\"@id\":\"https:\\\/\\\/hegaya.com\\\/espanol\\\/#\\\/schema\\\/logo\\\/image\\\/\"}}]}<\/script>\n<!-- \/ Yoast SEO plugin. -->","yoast_head_json":{"title":"Registro de Derechos de Autor en M\u00e9xico | Herrera & Asociados","description":"Registre sus derechos de autor en M\u00e9xico con abogados expertos en PI. Proteja su software, literatura, m\u00fasica y arte. Especialistas ante el IMPI e INDAUTOR.","robots":{"index":"index","follow":"follow","max-snippet":"max-snippet:-1","max-image-preview":"max-image-preview:large","max-video-preview":"max-video-preview:-1"},"canonical":"https:\/\/hegaya.com\/espanol\/derechos-de-autor\/","og_locale":"es_ES","og_type":"article","og_title":"Registro de Derechos de Autor en M\u00e9xico | Herrera & Asociados","og_description":"Proteja su obra en M\u00e9xico con el registro de derechos de autor. Abogados expertos en PI en Herrera & Asociados.","og_url":"https:\/\/hegaya.com\/espanol\/derechos-de-autor\/","og_site_name":"Propiedad Industrial HG","article_modified_time":"2026-04-15T11:27:47+00:00","twitter_card":"summary_large_image","twitter_title":"Registro de Derechos de Autor en M\u00e9xico | Herrera & Asociados","twitter_description":"Proteja su obra en M\u00e9xico con el registro de derechos de autor. Abogados expertos en PI en Herrera & Asociados.","twitter_misc":{"Tiempo de lectura":"3 minutos"},"schema":{"@context":"https:\/\/schema.org","@graph":[{"@type":"WebPage","@id":"https:\/\/hegaya.com\/espanol\/derechos-de-autor\/","url":"https:\/\/hegaya.com\/espanol\/derechos-de-autor\/","name":"Registro de Derechos de Autor en M\u00e9xico | Herrera & Asociados","isPartOf":{"@id":"https:\/\/hegaya.com\/espanol\/#website"},"datePublished":"2019-08-20T01:52:32+00:00","dateModified":"2026-04-15T11:27:47+00:00","description":"Registre sus derechos de autor en M\u00e9xico con abogados expertos en PI. Proteja su software, literatura, m\u00fasica y arte. Especialistas ante el IMPI e INDAUTOR.","breadcrumb":{"@id":"https:\/\/hegaya.com\/espanol\/derechos-de-autor\/#breadcrumb"},"inLanguage":"es","potentialAction":[{"@type":"ReadAction","target":["https:\/\/hegaya.com\/espanol\/derechos-de-autor\/"]}]},{"@type":"BreadcrumbList","@id":"https:\/\/hegaya.com\/espanol\/derechos-de-autor\/#breadcrumb","itemListElement":[{"@type":"ListItem","position":1,"name":"Home","item":"https:\/\/hegaya.com\/espanol\/"},{"@type":"ListItem","position":2,"name":"Derechos de Autor"}]},{"@type":"WebSite","@id":"https:\/\/hegaya.com\/espanol\/#website","url":"https:\/\/hegaya.com\/espanol\/","name":"Propiedad Industrial HG","description":"Propiedad Industrial","publisher":{"@id":"https:\/\/hegaya.com\/espanol\/#organization"},"potentialAction":[{"@type":"SearchAction","target":{"@type":"EntryPoint","urlTemplate":"https:\/\/hegaya.com\/espanol\/?s={search_term_string}"},"query-input":{"@type":"PropertyValueSpecification","valueRequired":true,"valueName":"search_term_string"}}],"inLanguage":"es"},{"@type":"Organization","@id":"https:\/\/hegaya.com\/espanol\/#organization","name":"Herrera & Asociados","alternateName":"H&A Propiedad Intelectual","url":"https:\/\/hegaya.com\/espanol\/","logo":{"@type":"ImageObject","inLanguage":"es","@id":"https:\/\/hegaya.com\/espanol\/#\/schema\/logo\/image\/","url":"https:\/\/hegaya.com\/espanol\/wp-content\/uploads\/sites\/2\/2018\/01\/logoHG-cuadro-01.png","contentUrl":"https:\/\/hegaya.com\/espanol\/wp-content\/uploads\/sites\/2\/2018\/01\/logoHG-cuadro-01.png","width":1024,"height":1024,"caption":"Herrera & Asociados"},"image":{"@id":"https:\/\/hegaya.com\/espanol\/#\/schema\/logo\/image\/"}}]}},"_links":{"self":[{"href":"https:\/\/hegaya.com\/espanol\/wp-json\/wp\/v2\/pages\/112","targetHints":{"allow":["GET"]}}],"collection":[{"href":"https:\/\/hegaya.com\/espanol\/wp-json\/wp\/v2\/pages"}],"about":[{"href":"https:\/\/hegaya.com\/espanol\/wp-json\/wp\/v2\/types\/page"}],"author":[{"embeddable":true,"href":"https:\/\/hegaya.com\/espanol\/wp-json\/wp\/v2\/users\/1"}],"replies":[{"embeddable":true,"href":"https:\/\/hegaya.com\/espanol\/wp-json\/wp\/v2\/comments?post=112"}],"version-history":[{"count":7,"href":"https:\/\/hegaya.com\/espanol\/wp-json\/wp\/v2\/pages\/112\/revisions"}],"predecessor-version":[{"id":211,"href":"https:\/\/hegaya.com\/espanol\/wp-json\/wp\/v2\/pages\/112\/revisions\/211"}],"wp:attachment":[{"href":"https:\/\/hegaya.com\/espanol\/wp-json\/wp\/v2\/media?parent=112"}],"curies":[{"name":"wp","href":"https:\/\/api.w.org\/{rel}","templated":true}]}}